et v(d) = 2*d**2 + 19*d + 27. Let g be v(-8). Suppose -z + g*w + w = -237, -z = -3*w - 236. Suppose 2*c - 333 = z. What is the tens digit of c?
8
Let t = -54 - -107. Let b be 3654/48 + (-1)/8. Suppose t*n - b = 52*n. What is the tens digit of n?
7
Let a(y) = 2*y**2 - 2. Let o be a(-2). Suppose -11*q + o*q = -15. Suppose 37 = q*c - 5*d, d = 4*c + 6*d + 9. What is the units digit of c?
4
Let g be (-30)/(-135) + (-1672)/(-9). Suppose 1770 = 12*x + g. Suppose 3*z = 5*z - x. What is the units digit of z?
6
Let n(l) = 25*l + 173. Let t(j) = -26*j - 176. Let o(m) = -6*n(m) - 5*t(m). What is the hundreds digit of o(-29)?
4
Suppose 28108 = 3*m - 2*s, 0 = -5*s - 9 - 16. What is the tens digit of m?
6
Let r = -71 + 93. Suppose 24*a = 50*a - r*a. Suppose a = -2*x + 11 + 57. What is the units digit of x?
4
Let d(t) = 10*t**2 - 62*t - 57. Let x(u) = -7*u**2 + 41*u + 38. Let q(c) = 5*d(c) + 7*x(c). Let w be q(19). Let k = -56 - w. What is the units digit of k?
9
What is the hundreds digit of (-7)/(105/333)*(-845)/(-26)*-18?
9
Let b = 98 - 183. Suppose 188 + 87 = 5*x. What is the tens digit of b/(-68)*(x + 1)?
7
Let y = 46 + 32. Let n(g) = g**2 + 36*g - 212. Let w be n(8). Suppose 5*c - 3*c = 4*t + w, -c + 4*t = -y. What is the tens digit of c?
6
Let q be (-30)/18*(-3)/(-2)*2. Let k(m) = m**3 + 11*m**2 + 11*m + 4. What is the units digit of k(q)?
9
Suppose 220168 - 5992 = 24*k. What is the tens digit of k?
2
Let l(j) = 16*j**2 - 20*j + 219. Let g be l(12). Suppose 2*f - s - g = 0, f + 4*f - 5697 = -s. What is the tens digit of f?
4
Suppose -19269263 - 1350259 = -567*i. What is the tens digit of i?
6
Suppose -2*n + 0*n = 4*r - 4, -3*n + 10 = 2*r. Let j be 9/(-36) - 18/(-8). Suppose 4*d + 0*o = -j*o + 140, -3*d - n*o + 100 = 0. What is the units digit of d?
6
Let y be -44 - ((-8)/(-2) - 3). Let p = 42 + y. What is the units digit of 6/4*(-42)/p?
1
What is the tens digit of 291392/(-80)*(-5 + 15/6)?
0
Suppose 5*x - 13*u = -14*u + 77950, 15576 = x + 3*u. What is the hundreds digit of x?
5
Let a(k) = 240*k - 38. What is the hundreds digit of a(7)?
6
Let o(h) = 244*h**2 - 61*h - 15. What is the ten thousands digit of o(-8)?
1
Suppose -2*b + 6 = 0, -2*j = -j + 5*b - 61. Let v = -44 + j. Suppose -v*q = -2*g + 24 - 194, -367 = -4*q - 5*g. What is the tens digit of q?
8
Let m = 19 - 12. Suppose -4*q - m*x = -2*x + 3, -q = -x - 6. Suppose 163 - 13 = q*c. What is the units digit of c?
0
Let l(w) = -14*w**3 + 4*w**2 + 6*w + 13. Let n be l(-4). Let b = -161 + n. What is the tens digit of b?
8
Suppose -81*z = 2*t - 79*z - 25116, 3*t - 37722 = 5*z. What is the units digit of t?
4
Let w be ((-7)/(-2) + 1*-5)*-2. Suppose 550 = w*o - 722. What is the tens digit of o?
2
Let z be (-39)/(9/(-24)*-4). Let v be (2 + 18/(-4))*z. What is the tens digit of v - (4 + -1)*2/(-6)?
6
Suppose 2*p - 2 = 0, 3*p - 51 = 3*s - 6. What is the units digit of (-105)/s*3/(-5)*-48?
6
Let t(c) = -c**2 + c + 142. Suppose q = 3*z + 5, q = -q + 10. Let k be t(z). Let y = 222 - k. What is the units digit of y?
0
Let s(l) be the third derivative of -l**6/36 - l**5/24 - 5*l**4/6 - 14*l**2. Let r(w) be the second derivative of s(w). What is the tens digit of r(-3)?
5
Suppose -j - 25 = -0*g - g, 0 = -g - j + 31. Suppose 29*d = g*d + 26. Let f = d + -22. What is the units digit of f?
4
Let n(m) = -54*m**3 + 4*m**2 + 78*m + 120. What is the hundreds digit of n(-7)?
2
Suppose 8*f - 40 = 3*f. Suppose -d = -f*d + 2555. What is the tens digit of d?
6
Suppose 0 = -13*p - 64714 + 308633. What is the tens digit of p?
6
Let x(l) = -l**3 + 17*l**2 + 3*l - 33. Let n be x(17). Suppose -n*s = -2*s - 608. Suppose -5*q + y + 16 = -10, -5*q - 2*y = -s. What is the units digit of q?
6
What is the tens digit of 3 + -8 + ((-2)/14 - (-142728)/84)?
9
Suppose 0 = 20*j - 11*j - 18. Suppose 521 = j*q - 187. What is the units digit of q?
4
Suppose 0 = -148*q + 210*q - 1206830. What is the thousands digit of q?
9
Let q = -37 - -55. Suppose 0 = -3*i - 9, q = 4*y + i - 39. What is the units digit of 98*y/50*5?
7
Suppose -4*b - 437 = 4*i - 7*b, -5*b - 25 = 0. Let a = i + 118. What is the units digit of (-4 + a)/(2/4) + 63?
5
Suppose -5*g = 2*g. Suppose 3*y + 5*l - 36 = g, -33 = -3*y - 6*l + 2*l. Suppose -2*v = -y*v + 525. What is the units digit of v?
5
Let r be (-3)/12 + (0 - (-17175)/(-20)). Let f = r - -908. What is the units digit of f?
9
Suppose p + c + 173 = 0, 3*p - 2*c + 566 = 67. Let b = p - -301. What is the hundreds digit of b?
1
Let b = -70 - -98. Let k be 1392/b + 8/28. Suppose -3*i + 16 + k = 0. What is the tens digit of i?
2
Let z = -225 - -235. Suppose z*f - 12*f + 644 = 0. What is the hundreds digit of f?
3
Suppose -4*s + 6 = -2. Suppose 0 = 5*r + 4*m - 925, 4*r - 690 - 76 = s*m. What is the hundreds digit of r?
1
Suppose 95 = -14*k + 27 + 26. Let j(d) = -10*d**2 + 31*d**2 + 0 + 4*d + 6. What is the tens digit of j(k)?
8
Let t(z) = -5*z - 165. Let i be t(-33). Let r(y) = -y**2 - 9*y + 403. What is the units digit of r(i)?
3
Let w be -8 + 2145/(-5) + 6. Let i = 617 - w. What is the hundreds digit of i?
0
Let q(d) = -3*d**3 + 14*d**2 + 4*d + 5. Let c be q(5). Suppose c = 383*w - 377*w - 4686. What is the tens digit of w?
8
Let g(a) = -57 + 157 - 66 - 69*a - 68. What is the hundreds digit of g(-13)?
8
Let r = -391 + 393. Suppose -385 - 751 = -r*z. What is the units digit of z?
8
Let x be 206/10 + 90/225. Let c = -6 - -12. What is the units digit of (c/x)/((-2)/(-70))?
0
Suppose 11*z + 82752 = 23*z. What is the units digit of z?
6
Let b = 346 - 94. Suppose 3*r = 10*r - b. Suppose -15*d + r = -9*d. What is the units digit of d?
6
Let p(a) = -5*a - 29. Let q be p(-9). Let l(o) = o**2 + 6*o + 32. What is the tens digit of l(q)?
8
Let r(b) = 2385*b - 3769. What is the hundreds digit of r(8)?
3
Suppose -6*h + 0 - 60 = 0. Let w(q) = q**2 - 8*q + 1. What is the units digit of w(h)?
1
Suppose r - 3*r - 3 = o, 2*r - 3 = -3*o. Suppose 0*l = -2*h + l + 9, -o*l = 2*h + 3. Suppose 4*c - h*b - 354 = 0, -2*b = -3*b + 2. What is the tens digit of c?
9
Let v(l) = -4*l + 115. Suppose -7*i + 14*i = 119. What is the units digit of v(i)?
7
What is the tens digit of 4133 - ((-25 - -12) + -1)?
4
Suppose w - 18 - 11 = 0. Suppose 0 = 11*l - 403 + 139. Suppose r = -m + w + l, -2*r = -4*m + 188. What is the units digit of m?
9
Suppose 312 = f + 3*f. Suppose -3*r - 2*r - 4*a - 462 = 0, 0 = r - 4*a + f. Let m = -49 - r. What is the units digit of m?
1
Let w be (3 - 1) + -4 + 5. Suppose 3*f + 12 + 5 = -2*i, w*f = -5*i - 29. What is the units digit of 1/(f/(-5 - 1))?
2
Let m = 3622 + -2462. What is the hundreds digit of m?
1
Let c = -1644 - -2405. Let m = c - 122. What is the units digit of m?
9
Let p = -18 + -2. What is the units digit of (-50)/p + 309/6?
4
Let r = -4963 + 12295. What is the tens digit of r?
3
Suppose -71*k + 3029 = -84*k. Let b = 883 + k. What is the hundreds digit of b?
6
What is the hundreds digit of (-9 + 5/(5/4))*(-814 - 7)?
1
Let x(g) = -13*g + 1. Let f be x(-1). Let k(a) = 3905 - 19*a - 3*a**2 - 9*a**2 - 7816 + 3891 + a**3 + 0*a**2. What is the tens digit of k(f)?
0
Let a(v) = -11*v - 2. Let i be a(2). Let j = i - -12. Let z = 40 + j. What is the tens digit of z?
2
Let k(d) = -12*d**3 - 8*d**2 - d + 2. Let j(n) = 18*n**3 + 13*n**2 + 2*n - 2. Let r(o) = 5*j(o) + 8*k(o). What is the units digit of r(-5)?
1
Suppose 3*n + 30 = n. Suppose 5*r = 8*r - 81. Let t = r + n. What is the units digit of t?
2
Let c = 44 - 39. Suppose 0*d + c*k = 3*d + 247, 0 = -2*d + 5*k - 173. Let j = -64 - d. What is the tens digit of j?
1
Let w = 8718 - -8737. What is the ten thousands digit of w?
1
Let p(y) = 142*y**2 - 5*y + 3. Let i(x) = x**2 - 3*x - 10. Let q be i(-3). Suppose -8*h = -q - 0. What is the units digit of p(h)?
0
Suppose -4*p = 5*i - 23897, 3*p - 23894 = 9*i - 14*i. What is the units digit of i?
7
Let a(k) = k**2 - 5*k + 14. Let u be a(6). Suppose 22*s - u = 18*s. Suppose 0 = 3*w + s*p - 814, w - 2*p - 1336 = -4*w. What is the tens digit of w?
6
Suppose 0 = 68*y - 67*y. Suppose -10*b + 1911 - 511 = y. What is the tens digit of b?
4
Let b = -83539 - -143562. What is the thousands digit of b?
0
Let s(o) = -3*o**2 + o + 6. Let g be s(-2). Let y(k) = k**2 + 10*k + 21. Let q be y(g). Suppose 76 - 6 = q*t. What is the units digit of t?
4
Let s(